 of 1514189889?
3, 23, 2438309
What are the prime factors of 1122071537?
23, 48785719
List the prime factors of 1947912767.
37, 2381, 22111
What are the prime factors of 327699455?
5, 65539891
What are the prime factors of 41741908?
2, 13, 802729
What are the prime factors of 93778140?
2, 3, 5, 59, 449
What are the prime factors of 95131543?
13, 1873, 3907
What are the prime factors of 50023799?
7, 59, 121123
List the prime factors of 1448417371.
31, 46723141
What are the prime factors of 43816293?
3, 17, 286381
List the prime factors of 25684605.
3, 5, 71, 8039
List the prime factors of 4372353132.
2, 3, 7, 907, 57389
What are the prime factors of 2386232312?
2, 103, 2895913
List the prime factors of 420216329.
13, 2273, 14221
List the prime factors of 28449819.
3, 1053697
What are the prime factors of 1230518233?
7, 47, 534311
What are the prime factors of 506767126?
2, 19, 43, 523, 593
What are the prime factors of 4820271?
3, 23, 69859
What are the prime factors of 42487862?
2, 17, 1249643
List the prime factors of 90472595.
5, 18094519
List the prime factors of 31360659.
3, 11, 19, 4547
What are the prime factors of 6810470433?
3, 13, 691, 84239
List the prime factors of 142851984.
2, 3, 11, 270553
List the prime factors of 1920111235.
5, 7, 54860321
List the prime factors of 855578537.
11, 7070897
What are the prime factors of 5780624?
2, 47, 7687
List the prime factors of 2434645449.
3, 47, 5755663
What are the prime factors of 419768686?
2, 209884343
What are the prime factors of 422278109?
11, 71, 540689
What are the prime factors of 1027043347?
11, 19, 43, 114281
List the prime factors of 157777572.
2, 3, 13148131
List the prime factors of 347456947.
47, 7392701
List the prime factors of 738307515.
3, 5, 11, 127, 3203
List the prime factors of 65327700.
2, 3, 5, 19, 73, 157
List the prime factors of 3729423023.
3729423023
List the prime factors of 1490585208.
2, 3, 7, 137, 64763
What are the prime factors of 356710715?
5, 107, 666749
List the prime factors of 240242871.
3, 11, 79, 92153
What are the prime factors of 66557609?
66557609
List the prime factors of 1289515784.
2, 12541, 12853
List the prime factors of 740858829.
3, 246952943
List the prime factors of 115534673.
7537, 15329
What are the prime factors of 1955254207?
41, 269, 177283
What are the prime factors of 41689662?
2, 3, 7, 23, 103, 419
What are the prime factors of 215566552?
2, 19, 1418201
List the prime factors of 241837226.
2, 23, 5257331
What are the prime factors of 22444554?
2, 3, 11, 89, 3821
List the prime factors of 1621529868.
2, 3, 7, 163, 118429
List the prime factors of 676555742.
2, 83, 4075637
List the prime factors of 144249086.
2, 2063, 34961
What are the prime factors of 68974828?
2, 13, 269, 4931
What are the prime factors of 93669722?
2, 46834861
What are the prime factors of 408789369?
3, 2339, 6473
What are the prime factors of 89107048?
2, 101, 110281
List the prime factors of 157342855.
5, 31468571
List the prime factors of 18457816.
2, 13, 19, 9341
List the prime factors of 1445973159.
3, 481991053
List the prime factors of 216507142.
2, 23, 41, 114797
What are the prime factors of 41224651?
13, 1049, 3023
List the prime factors of 1256291610.
2, 3, 5, 7, 5982341
List the prime factors of 61037730.
2, 3, 5, 13, 4013
What are the prime factors of 6594453614?
2, 7, 19, 1069, 3313
List the prime factors of 16027777.
43, 372739
What are the prime factors of 352227745?
5, 467, 150847
List the prime factors of 496710959.
71, 1291, 5419
What are the prime factors of 5177484?
2, 3, 13, 23, 37
What are the prime factors of 849318818?
2, 157, 2704837
What are the prime factors of 257266915?
5, 51453383
What are the prime factors of 1091757156?
2, 3, 7, 167, 223, 349
What are the prime factors of 53123452?
2, 13280863
List the prime factors of 423889591.
1021, 415171
What are the prime factors of 1234339630?
2, 5, 491, 251393
What are the prime factors of 7192308?
2, 3, 599359
What are the prime factors of 726879273?
3, 443, 546937
What are the prime factors of 5009934295?
5, 29, 181, 190891
What are the prime factors of 127401853?
23, 5539211
What are the prime factors of 278251726?
2, 167, 571, 1459
List the prime factors of 2515347248.
2, 29, 5421007
What are the prime factors of 1006576671?
3, 163, 2058439
List the prime factors of 63027502.
2, 37, 851723
List the prime factors of 568213633.
13, 43708741
What are the prime factors of 5087038767?
3, 131, 12944119
What are the prime factors of 78373283?
29, 1279, 2113
What are the prime factors of 1232934304?
2, 7, 29, 189799
What are the prime factors of 2088208820?
2, 5, 277, 376933
List the prime factors of 102828612.
2, 3, 31, 79, 3499
List the prime factors of 33662546.
2, 131, 128483
What are the prime factors of 2702959142?
2, 13, 103959967
What are the prime factors of 183125492?
2, 11, 4161943
List the prime factors of 127266389.
19, 6698231
List the prime factors of 27567327.
3, 9189109
What are the prime factors of 5061028987?
7, 25357, 28513
List the prime factors of 59653551.
3, 29, 127, 5399
List the prime factors of 840350145.
3, 5, 19, 41, 71917
List the prime factors of 204067673.
204067673
What are the prime factors of 102313809?
3, 13, 874477
List the prime factors of 44717919.
3, 14905973
What are the prime factors of 44797178?
2, 22398589
List the prime factors of 41800192.
2, 7, 107, 109
What are the prime factors of 416535056?
2, 7, 47, 53, 1493
List the prime factors of 81343033.
81343033
What are the prime factors of 1936910462?
2, 419, 2311349
What are the prime factors of 2167093841?
11, 73, 89, 30323
What are the prime factors of 14024775?
3, 5, 67, 2791
What are the prime factors of 831485046?
2, 3, 7, 19797263
What are the prime factors of 429175278?
2, 3, 7, 3406153
What are the prime factors of 188399439?
3, 2325919
List the prime factors of 45690119.
45690119
List the prime factors of 131328497.
271, 484607
List the prime factors of 14546522.
2, 1777, 4093
List the prime factors of 789099979.
1063, 742333
List the prime factors of 560108967.
3, 11, 193, 87943
What are the prime factors of 169252106?
2, 73, 83, 13967
List the prime factors of 37134470.
2, 5, 3713447
What are the prime factors of 396403309?
397, 998497
List the prime factors of 409433985.
3, 5, 67, 135799
What are the prime factors of 454513411?
11, 17, 827, 2939
What are the prime factors of 18044436?
2, 3, 547, 2749
List the prime factors of 855332971.
59, 14497169
What are the prime factors of 84701609?
84701609
List the prime factors of 32474147.
439, 73973
List the prime factors of 93210608.
2, 557, 10459
What are the prime factors of 1895193849?
3, 631731283
List the prime factors of 72571463.
23, 3155281
List the prime factors of 98545601.
7, 11, 1279813
What are the prime factors of 30699213?
3, 10233071
List the prime factors of 1311215421.
3, 437071807
What are the prime factors of 64169273?
7, 53, 24709
List the prime factors of 46667667.
3, 19, 23, 35597
List the prime factors of 157603779.
3, 337, 17321
What are the prime factors of 1686072986?
2, 13, 64848961
List the prime factors of 22781413.
4421, 5153
What are the prime factors of 1586023606?
2, 479, 1655557
What are the prime factors of 860813124?
2, 3, 71734427
List the prime factors of 1078829290.
2, 5, 7, 11, 29, 48313
What are the prime factors of 1126710?
2, 3, 5, 13, 107
What are the prime factors of 267117121?
47, 5683343
What are the prime factors of 47797146?
2, 3, 2655397
What are the prime factors of 196651954?
2, 17, 2393, 2417
List the prime factors of 100670288.
2, 6291893
What are the prime factors of 70002280?
2, 5, 43, 40699
What are the prime factors of 392452955?
5, 59, 61, 113, 193
List the prime factors of 207386066.
2, 103693033
List the prime factors of 4325777216.
2, 67590269
List the prime factors of 35145200.
2, 5, 41, 2143
List the prime factors of 2879092606.
2, 13, 43, 53, 48589
List the prime factors of 915613135.
5, 19, 673, 14321
List the prime factors of 642377548.
2, 109, 1473343
What are the prime factors of 1364093592?
2, 3, 3251, 17483
List the prime factors of 6031630797.
3, 4373, 459763
What are the prime factors of 10839150?
2, 3, 5, 7, 31, 37
List the prime factors of 9161007.
3, 3053669
Wh